rime factors of 14 - (0 + l + -2)?
3, 5
Let o = -33 - -17. Let s = 23 + o. List the prime factors of s.
7
Let g(u) = -15*u + 8. What are the prime factors of g(-4)?
2, 17
Let n = 7 + -1. Suppose x = n*x - 35. What are the prime factors of x?
7
Suppose 3*p - 29 = 4. What are the prime factors of p?
11
Suppose -2*a + 0*a - u + 90 = 0, 0 = 2*a - 2*u - 84. What are the prime factors of a?
2, 11
Let x(a) = -11*a**2 + 15*a - 6. Let d(v) = 16*v**2 - 22*v + 9. Let i(r) = 5*d(r) + 7*x(r). List the prime factors of i(4).
31
Suppose -5*o = -o - 36. What are the prime factors of o?
3
Let d = -7 - -19. What are the prime factors of d?
2, 3
What are the prime factors of 16/7 + (120/(-28) - -4)?
2
Let t(s) = 4*s + 2*s + 1 - 2*s - s**3 - s + 2*s**2. What are the prime factors of t(-2)?
11
Suppose -5*v + 2*v = -3*b - 108, -3*b + v - 114 = 0. What are the prime factors of ((-2)/(-3))/((-2)/b)?
13
Suppose 3*v + 8 = v. Let h(j) = -5*j - 1. What are the prime factors of h(v)?
19
Let k be 0/(-1 + 2 + 1). Suppose k = -4*g + v + 41, -4*g = -9*g - 3*v + 30. What are the prime factors of g?
3
Suppose -2 = -2*r + 4. Let n(o) = 5*o + 4 - o**3 + 0*o**r + 2*o**3 + 7*o**2. List the prime factors of n(-6).
2, 5
Let h(t) = -t**3 + t**2 + 12*t - 1. Let o(u) = -2*u**3 + u**2 + 23*u - 1. Let v(k) = -11*h(k) + 6*o(k). List the prime factors of v(-6).
5
Suppose x + 3 = -0*x. Let c be (0 - -3)/x*-12. Suppose -4*v = 2*l - c, -4 = v + l - 4*l. What are the prime factors of v?
2
Let k(g) = -4*g**3 - 16*g**2 + 9*g - 12. Let x(b) = b**3 + 4*b**2 - 2*b + 3. Let z(y) = -2*k(y) - 9*x(y). What are the prime factors of z(-5)?
2, 11
Let a(j) = 2*j - j**2 + 0*j**3 - j + j - j**3 - 4. Let d(r) = -2*r**3 - 1. Let h be d(1). What are the prime factors of a(h)?
2
Let p(h) = -7*h + 1. Let t(o) = -3*o. Let g(w) = 4*p(w) - 9*t(w). Let b = 9 - 15. List the prime factors of g(b).
2, 5
Let p(a) = 22*a + 9. What are the prime factors of p(4)?
97
Suppose -5*n + 170 - 10 = 0. Suppose u + u - n = 0. List the prime factors of u.
2
Let h(u) be the first derivative of -u**4/4 + 11*u**3/3 - 5*u**2 + 13*u + 10. Let i = -23 + 33. List the prime factors of h(i).
13
Suppose 4*h + 14 = -6. Let q = h - -7. What are the prime factors of 3 + (q/(-2) - 0)?
2
Suppose 1098 = 6*y + 204. List the prime factors of y.
149
Let g(d) = -d**3 + 3*d**2 - d - 2. Suppose 5*f + 4 = 14. Let q be g(f). Suppose 4*h + q*c = -5*c - 9, 15 = -3*c. What are the prime factors of h?
2
Let y(k) = -k**3 + 5*k**2 + 9*k - 8. Let a be y(6). Let z = a - 3. What are the prime factors of z?
7
Let z be -5*((-32)/5)/4. Suppose -46 = 5*j - 4*q, 0 = -5*j - 5*q - 29 - 26. List the prime factors of z/(-6)*45/j.
2, 3
Let g = 29 + 102. What are the prime factors of g?
131
Let f = -48 - -66. List the prime factors of f.
2, 3
Suppose 962 = -9*w + 22*w. What are the prime factors of w?
2, 37
Suppose 0 = -2*j + 15 + 1. Suppose 0 = 4*r - j. What are the prime factors of r - -6*2/4?
5
Let h(n) = n**2 - 3*n - 2. List the prime factors of h(-1).
2
Suppose 0 = -2*u - u. Suppose f + u = -6. List the prime factors of ((-14)/f)/((-2)/(-6)).
7
Suppose 0 = -2*g - 3*z + 25, 82 = 5*g - z + 2*z. What are the prime factors of g?
17
Suppose -4*i = -9*i + 25. Suppose i + 0 = g. What are the prime factors of g?
5
Let p(f) be the second derivative of f**5/20 + f**4/2 + 2*f**3/3 + 5*f**2/2 - f. What are the prime factors of p(-5)?
2, 5
Let r = 13 - -18. What are the prime factors of r?
31
Let i(j) = -5*j - 4. List the prime factors of i(-9).
41
Suppose 4*h + 3*u = -h + 19, h = 3*u - 7. Suppose 3*y = 4*d - d + 75, d = -h*y + 53. What are the prime factors of ((-4)/(-2))/(4/y)?
13
Suppose -2*x + 4 = 4*w, 4*w + 0*x - 4 = -x. Suppose 3*c + 3*z = -w + 94, c - 33 = -3*z. List the prime factors of c.
2, 3, 5
Suppose -6*q + 10 = -4*q. Suppose q = -5*m, -2*m + 63 = 2*h + 17. What are the prime factors of h?
2, 3
Suppose -188 = -96*w + 92*w. List the prime factors of w.
47
Suppose 0*o + 2*o - 150 = -5*u, -2*u - 2*o + 66 = 0. What are the prime factors of u?
2, 7
Let i be (-6)/(-1*2*1). Suppose x - 4 = i. Suppose x = -5*y + 22. List the prime factors of y.
3
Suppose -6 + 31 = 5*j. Let y(s) = s**2 - 12*s + 8. Let k(v) = 2*v**2 - 25*v + 17. Let x(c) = 4*k(c) - 9*y(c). List the prime factors of x(j).
11
List the prime factors of (-4 - 26/(-8))*-92.
3, 23
Let s(j) = j**3 + 10*j**2 + j - 15. List the prime factors of s(-8).
3, 5, 7
Suppose -2*t + 53 = 3*c, 83 = 4*t - t + c. What are the prime factors of t?
2, 7
Suppose -2*h = -57 - 5. List the prime factors of h.
31
Let w(r) = 3*r**2 - 4*r + 3. Suppose -8*m = -13*m + 15. What are the prime factors of w(m)?
2, 3
Let x(j) = 5*j + 1. Let m be x(7). Suppose -z - 3*z = -m. List the prime factors of z.
3
Suppose -61 = -5*v + 134. Suppose -k + v = 2*k. What are the prime factors of k?
13
Suppose 2*u + 52 = 6*u. What are the prime factors of u?
13
Let r(a) = 2*a - 4. Let x be r(4). Suppose x = 3*z - 8. Suppose -15 = -5*y, -i + z*y = i - 2. What are the prime factors of i?
7
Let x be (13/3)/(3/72). Suppose -6*j + x = -2*j. List the prime factors of j.
2, 13
What are the prime factors of (-3 - (-42)/12)/(1/90)?
3, 5
Let x be 21/(-4) + (-24)/32. What are the prime factors of (-411)/(-27) - x/(-27)?
3, 5
Let a = -9 - -13. List the prime factors of a.
2
Let n(d) = -2*d - 6. Let x be n(-7). Suppose -2*g + 2*m + 3*m + 4 = 0, -x = -4*g + 3*m. List the prime factors of g + -4 - -1 - -12.
11
Let h(z) = 3*z**2 + 6*z - 3. Let b be h(4). Let v = b + -29. Suppose m - v = -m. What are the prime factors of m?
2, 5
List the prime factors of (-402)/(-7) + 6/(-14).
3, 19
Suppose 5*h - 595 = 4*t - t, -119 = -h - 2*t. List the prime factors of h.
7, 17
Let n be 9/6*(-12)/(-9). Let z(l) = 3*l**3 - l**2 - 2*l + 1. What are the prime factors of z(n)?
17
Suppose 0 = -4*v + 91 - 7. Let d = v + -6. List the prime factors of d.
3, 5
Suppose v = 2*w + 14, -v + 6*w - w + 2 = 0. Suppose s = -s + v. Suppose -s = -4*j + 9. What are the prime factors of j?
5
Let b be ((-42)/(-2))/3*1. Suppose 5*m - 5*k - 61 - 64 = 0, m - b = -5*k. What are the prime factors of m?
2, 11
Let i = 94 + -66. Suppose -5*l - 3*y - i = 0, l - 2*l = -y + 12. Let g = -4 - l. List the prime factors of g.
2
Suppose 0 = w + 3*w - 5*a + 24, -2*w = -3*a + 14. Let r be 3/(1*(w + 2)). Suppose z = r*z - 18. List the prime factors of z.
3
Suppose 0 = -x + 19 + 4. Suppose 0*i = -4*i + p + x, 0 = 3*i + p - 12. Let v = 12 - i. What are the prime factors of v?
7
Let h = -245 + 165. What are the prime factors of (h/(-12))/((-1)/(-3))?
2, 5
Let x = 4 + 12. Let b = x + -9. Let g = b - 3. List the prime factors of g.
2
Suppose 0 = 6*v - 5*v - 5. What are the prime factors of v?
5
Let y be ((-21)/28)/((-1)/4). Let d(s) = s**2 - 2*s - 3. Let n be d(y). Suppose -f + 0*f + 21 = n. List the prime factors of f.
3, 7
Suppose 3*a = 7*a - 3*t - 5, -2*a - 3*t + 7 = 0. Let y be 2*4/(a - 3). List the prime factors of 4/(6/y + 1).
2
Suppose 5*d - 27 = 5*u + 3, 16 = -4*u. Suppose -3*n + d = 2*v - 2, -4*n + 3 = 5*v. Suppose 4*y = -8 - 12, n*i - 14 = -2*y. List the prime factors of i.
2, 3
What are the prime factors of 3 - (-1 - 2 - -3)?
3
List the prime factors of (-7 - -221)*(0 - 2/(-4)).
107
Let o be (-6)/(2/((-8)/(-6))). Let c = o + 6. What are the prime factors of 9 - -4*(-1)/c?
7
Let z = 1 + 7. Let u(d) = d - 2. List the prime factors of u(z).
2, 3
Let z(j) = -j**3 - 5*j**2 + 2*j + 5. What are the prime factors of z(-6)?
29
Suppose r = 1, 0 = c + 4*r - 11 - 147. What are the prime factors of c?
2, 7, 11
Let l(d) = -5*d. Let v be l(3). Let a = v - -26. List the prime factors of a.
11
List the prime factors of (-1167)/(-6) + 5*(-4)/(-40).
3, 5, 13
What are the prime factors of 193/2*(4 - 8/4)?
193
Let r = 27 - 18. Let n = r - 4. What are the prime factors of n?
5
Let s(q) = -2*q + 23. List the prime factors of s(-5).
3, 11
Let h be (2/2)/((-6)/(-12)). Let n = -13 - -18. Suppose -n*u = -h*u - 15. List the prime factors of u.
5
Let x = 19 + -14. Suppose z - 5 - x = 0. List the prime factors of z.
2, 5
Let r(c) = c**3 - 4*c**2 + 3*c + 3. Let p be r(3). Suppose 222 = -p*o - 0*o. List the prime factors of o/(-10) + 6/(-15).
7
Let s(o) = -o**2 - 5*o + 1. Let k be s(-5). List the prime factors of -1 + 22 - 3/k.
2, 3
Suppose -210*s + 206*s = -868